{"id":159,"date":"2024-05-03T09:55:34","date_gmt":"2024-05-03T07:55:34","guid":{"rendered":"http:\/\/archiviodistatoterni.cultura.gov.it\/?page_id=159"},"modified":"2024-10-31T10:55:52","modified_gmt":"2024-10-31T09:55:52","slug":"la-storia","status":"publish","type":"page","link":"https:\/\/archiviodistatoterni.cultura.gov.it\/?page_id=159","title":{"rendered":"La storia"},"content":{"rendered":"<p>Nel 1957 venne istituita la Sezione di Archivio di Stato di Terni ai sensi della <strong><em>legge n. 2006 del 1939<\/em><\/strong>. La riforma introdotta nel 1963 trasform\u00f2 l&#8217;istituto in Archivio di Stato di Terni, organo periferico del Ministero dell&#8217;Interno. Costituito nel 1975 il Ministero per i beni culturali e ambientali, l&#8217;amministrazione degli Archivi di Stato pass\u00f2 a nuovo dicastero che, dal 1998 ha assunto l&#8217;intitolazione di Ministero per i beni culturali.<\/p>\n<p><img loading=\"lazy\" decoding=\"async\" class=\"wp-image-414 aligncenter\" src=\"https:\/\/archiviodistatoterni.cultura.gov.it\/wp-content\/uploads\/2024\/07\/01-LA-FACCIATA.jpg\" alt=\"\" width=\"464\" height=\"696\" srcset=\"https:\/\/archiviodistatoterni.cultura.gov.it\/wp-content\/uploads\/2024\/07\/01-LA-FACCIATA.jpg 658w, https:\/\/archiviodistatoterni.cultura.gov.it\/wp-content\/uploads\/2024\/07\/01-LA-FACCIATA-200x300.jpg 200w, https:\/\/archiviodistatoterni.cultura.gov.it\/wp-content\/uploads\/2024\/07\/01-LA-FACCIATA-600x900.jpg 600w\" sizes=\"auto, (max-width: 464px) 100vw, 464px\" \/><\/p>\n<p>Fin dal 1957, grazie alla concreta sensibilit\u00e0 degli amministratori provinciali, furono destinati al nuovo istituto i locali siti al piano terra, a sinistra dell&#8217;ingresso del Palazzo del Governo, gi\u00e0 sede della Prefettura e della Provincia, in viale della Stazione. L&#8217;Amministrazione provinciale deliber\u00f2 altres\u00ec di fornire le scaffalature indispensabili alla conservazione del materiale archivistico e svolse un&#8217;opera di pressione sugli enti locali affinch\u00e9 vi trasferissero la propria documentazione storica. Nel giro di pochi anni l&#8217;Archivio acquis\u00ec vari fondi da quello notarile mandamentale di Terni, prima conservato a Palazzo Carrara presso la biblioteca comunale, a quelli del Catasto piano e gregoriano e dell&#8217;Ufficio di Leva trasferiti per competenza dall&#8217;Archivio di Stato di Perugia, all&#8217;archivio storico comunale il pi\u00f9 consistente e significativo tra quelli confluiti nell&#8217;istituto ternano. Il primo fondo privato pervenuto \u00e8 quello della famiglia Eroli di Narni, acquistato presso la libreria Forni di Bologna.<\/p>\n<p>Di fronte al costante e progressivo incremento di materiale apparve chiaro che i locali a disposizione erano ormai troppo angusti e inadatti. Si apr\u00ec quindi, una fitta corrispondenza con il ministero dell&#8217;Interno per evidenziare il problema e in particolare per sottolineare l&#8217;esistenza a Terni, in pieno centro storico, del <strong><em>Palazzo Mazzancolli<\/em> <\/strong>quale sede ideale. In effetti l&#8217;esito di queste richieste port\u00f2 nell&#8217;autunno del 1973 al trasferimento nel Palazzo Mazzancolli, ma, per problemi di ordine tecnico e amministrativo che si erano presentati, non nella parte storico-monumentale sulla centrale via Cavour, bens\u00ec in quella novecentesca affacciata su vico del Pozzo. La soluzione sembr\u00f2 all&#8217;inizio soddisfacente in quanto i nuovi locali adibiti a depositi di materiale archivistico, uffici e sale di consultazione corrispondevano alle esigenze istituzionali. Ben presto, per\u00f2, gli incrementi documentari e le accresciute attivit\u00e0 suscitarono il rinnovato interesse per l&#8217;ala storica. Avviate con il Demanio le pratiche di assegnazione, queste ebbero buon fine all&#8217;inizio degli anni Novanta e, dopo alcuni anni di lavori di ristrutturazione, nell&#8217;aprile 2002 \u00e8 stata inaugurata la nuova sede.<\/p>\n<p>&nbsp;<\/p>\n","protected":false},"excerpt":{"rendered":"<p>Nel 1957 venne istituita la Sezione di Archivio di Stato di Terni ai sensi della legge n.<\/p>\n","protected":false},"author":1,"featured_media":0,"parent":141,"menu_order":1,"comment_status":"closed","ping_status":"closed","template":"","meta":{"advgb_blocks_editor_width":"","advgb_blocks_columns_visual_guide":"","footnotes":""},"tags":[],"class_list":["post-159","page","type-page","status-publish","hentry"],"coauthors":[],"author_meta":{"author_link":"https:\/\/archiviodistatoterni.cultura.gov.it\/?author=1","display_name":"archiviodistatoterni"},"relative_dates":{"created":"Pubblicato 2 anni fa","modified":"Aggiornato 1 anno fa"},"absolute_dates":{"created":"Pubblicato il 3 Maggio 2024","modified":"Aggiornato il 31 Ottobre 2024"},"absolute_dates_time":{"created":"Pubblicato il 3 Maggio 2024 9:55","modified":"Aggiornato il 31 Ottobre 2024 10:55"},"featured_img_caption":"","featured_img":false,"series_order":"","_links":{"self":[{"href":"https:\/\/archiviodistatoterni.cultura.gov.it\/index.php?rest_route=\/wp\/v2\/pages\/159","targetHints":{"allow":["GET"]}}],"collection":[{"href":"https:\/\/archiviodistatoterni.cultura.gov.it\/index.php?rest_route=\/wp\/v2\/pages"}],"about":[{"href":"https:\/\/archiviodistatoterni.cultura.gov.it\/index.php?rest_route=\/wp\/v2\/types\/page"}],"author":[{"embeddable":true,"href":"https:\/\/archiviodistatoterni.cultura.gov.it\/index.php?rest_route=\/wp\/v2\/users\/1"}],"replies":[{"embeddable":true,"href":"https:\/\/archiviodistatoterni.cultura.gov.it\/index.php?rest_route=%2Fwp%2Fv2%2Fcomments&post=159"}],"version-history":[{"count":8,"href":"https:\/\/archiviodistatoterni.cultura.gov.it\/index.php?rest_route=\/wp\/v2\/pages\/159\/revisions"}],"predecessor-version":[{"id":597,"href":"https:\/\/archiviodistatoterni.cultura.gov.it\/index.php?rest_route=\/wp\/v2\/pages\/159\/revisions\/597"}],"up":[{"embeddable":true,"href":"https:\/\/archiviodistatoterni.cultura.gov.it\/index.php?rest_route=\/wp\/v2\/pages\/141"}],"wp:attachment":[{"href":"https:\/\/archiviodistatoterni.cultura.gov.it\/index.php?rest_route=%2Fwp%2Fv2%2Fmedia&parent=159"}],"wp:term":[{"taxonomy":"post_tag","embeddable":true,"href":"https:\/\/archiviodistatoterni.cultura.gov.it\/index.php?rest_route=%2Fwp%2Fv2%2Ftags&post=159"}],"curies":[{"name":"wp","href":"https:\/\/api.w.org\/{rel}","templated":true}]}}

<p>Nel 1957 venne istituita la Sezione di Archivio di Stato di Terni ai sensi della <strong><em>legge n. 2006 del 1939</em></strong>. La riforma introdotta nel 1963 trasformò l&#8217;istituto in Archivio di Stato di Terni, organo periferico del Ministero dell&#8217;Interno. Costituito nel 1975 il Ministero per i beni culturali e ambientali, l&#8217;amministrazione degli Archivi di Stato passò a nuovo dicastero che, dal 1998 ha assunto l&#8217;intitolazione di Ministero per i beni culturali.</p>
<p><img loading="lazy" decoding="async" class="wp-image-414 aligncenter" src="https://archiviodistatoterni.cultura.gov.it/wp-content/uploads/2024/07/01-LA-FACCIATA.jpg" alt="" width="464" height="696" srcset="https://archiviodistatoterni.cultura.gov.it/wp-content/uploads/2024/07/01-LA-FACCIATA.jpg 658w, https://archiviodistatoterni.cultura.gov.it/wp-content/uploads/2024/07/01-LA-FACCIATA-200x300.jpg 200w, https://archiviodistatoterni.cultura.gov.it/wp-content/uploads/2024/07/01-LA-FACCIATA-600x900.jpg 600w" sizes="auto, (max-width: 464px) 100vw, 464px" /></p>
<p>Fin dal 1957, grazie alla concreta sensibilità degli amministratori provinciali, furono destinati al nuovo istituto i locali siti al piano terra, a sinistra dell&#8217;ingresso del Palazzo del Governo, già sede della Prefettura e della Provincia, in viale della Stazione. L&#8217;Amministrazione provinciale deliberò altresì di fornire le scaffalature indispensabili alla conservazione del materiale archivistico e svolse un&#8217;opera di pressione sugli enti locali affinché vi trasferissero la propria documentazione storica. Nel giro di pochi anni l&#8217;Archivio acquisì vari fondi da quello notarile mandamentale di Terni, prima conservato a Palazzo Carrara presso la biblioteca comunale, a quelli del Catasto piano e gregoriano e dell&#8217;Ufficio di Leva trasferiti per competenza dall&#8217;Archivio di Stato di Perugia, all&#8217;archivio storico comunale il più consistente e significativo tra quelli confluiti nell&#8217;istituto ternano. Il primo fondo privato pervenuto è quello della famiglia Eroli di Narni, acquistato presso la libreria Forni di Bologna.</p>
<p>Di fronte al costante e progressivo incremento di materiale apparve chiaro che i locali a disposizione erano ormai troppo angusti e inadatti. Si aprì quindi, una fitta corrispondenza con il ministero dell&#8217;Interno per evidenziare il problema e in particolare per sottolineare l&#8217;esistenza a Terni, in pieno centro storico, del <strong><em>Palazzo Mazzancolli</em> </strong>quale sede ideale. In effetti l&#8217;esito di queste richieste portò nell&#8217;autunno del 1973 al trasferimento nel Palazzo Mazzancolli, ma, per problemi di ordine tecnico e amministrativo che si erano presentati, non nella parte storico-monumentale sulla centrale via Cavour, bensì in quella novecentesca affacciata su vico del Pozzo. La soluzione sembrò all&#8217;inizio soddisfacente in quanto i nuovi locali adibiti a depositi di materiale archivistico, uffici e sale di consultazione corrispondevano alle esigenze istituzionali. Ben presto, però, gli incrementi documentari e le accresciute attività suscitarono il rinnovato interesse per l&#8217;ala storica. Avviate con il Demanio le pratiche di assegnazione, queste ebbero buon fine all&#8217;inizio degli anni Novanta e, dopo alcuni anni di lavori di ristrutturazione, nell&#8217;aprile 2002 è stata inaugurata la nuova sede.</p>
<p>&nbsp;</p>
