{"id":180,"date":"2024-05-03T10:57:15","date_gmt":"2024-05-03T08:57:15","guid":{"rendered":"http:\/\/archiviodistatoterni.cultura.gov.it\/?page_id=180"},"modified":"2024-11-05T08:48:34","modified_gmt":"2024-11-05T07:48:34","slug":"la-biblioteca","status":"publish","type":"page","link":"https:\/\/archiviodistatoterni.cultura.gov.it\/?page_id=180","title":{"rendered":"La biblioteca"},"content":{"rendered":"<p>&nbsp;<\/p>\n<p>La biblioteca \u00e8 destinata ad uso interno ed \u00e8 a supporto dell\u2019attivit\u00e0 scientifica dell\u2019Istituto.<\/p>\n<p>L\u2019accesso \u00e8 consentito agli studiosi che frequentano la Sala studio e a coloro che non possano reperire altrove le pubblicazioni desiderate.<\/p>\n<p>Le modalit\u00e0 di consultazione e di riproduzione del materiale bibliografico sono definite da un regolamento interno.<\/p>\n<p>&nbsp;<\/p>\n<h4><strong>Orario del servizio informazioni<\/strong><\/h4>\n<p>Luned\u00ec-mercoled\u00ec &#8211; venerd\u00ec: ore 8.30-13.30<\/p>\n<p>marted\u00ec e gioved\u00ec: ore 8.30-18.00<\/p>\n<p><strong>\u00a0<\/strong><\/p>\n<h4><strong>Distribuzione materiale librario<\/strong><\/h4>\n<p>le richieste del materiale bibliografico sono evase nelle seguenti fasce:<\/p>\n<p><strong>9,30-12,30<\/strong><\/p>\n<p><strong>15,00-17,30<\/strong><\/p>\n<p>Si consentono 10 unit\u00e0 bibliografiche al giorno<\/p>\n<p>Le richieste presentate dopo l\u2019ultima distribuzione sono evase la mattina successiva<\/p>\n<p><strong>Prestito esterno non consentito.<\/strong><\/p>\n<p>&nbsp;<\/p>\n<p>&nbsp;<\/p>\n","protected":false},"excerpt":{"rendered":"<p>&nbsp; La biblioteca \u00e8 destinata ad uso interno ed \u00e8 a supporto dell\u2019attivit\u00e0 scientifica dell\u2019Istituto.<\/p>\n","protected":false},"author":1,"featured_media":0,"parent":145,"menu_order":0,"comment_status":"closed","ping_status":"closed","template":"","meta":{"advgb_blocks_editor_width":"","advgb_blocks_columns_visual_guide":"","footnotes":""},"tags":[],"class_list":["post-180","page","type-page","status-publish","hentry"],"coauthors":[],"author_meta":{"author_link":"https:\/\/archiviodistatoterni.cultura.gov.it\/?author=1","display_name":"archiviodistatoterni"},"relative_dates":{"created":"Pubblicato 2 anni fa","modified":"Aggiornato 1 anno fa"},"absolute_dates":{"created":"Pubblicato il 3 Maggio 2024","modified":"Aggiornato il 5 Novembre 2024"},"absolute_dates_time":{"created":"Pubblicato il 3 Maggio 2024 10:57","modified":"Aggiornato il 5 Novembre 2024 8:48"},"featured_img_caption":"","featured_img":false,"series_order":"","_links":{"self":[{"href":"https:\/\/archiviodistatoterni.cultura.gov.it\/index.php?rest_route=\/wp\/v2\/pages\/180","targetHints":{"allow":["GET"]}}],"collection":[{"href":"https:\/\/archiviodistatoterni.cultura.gov.it\/index.php?rest_route=\/wp\/v2\/pages"}],"about":[{"href":"https:\/\/archiviodistatoterni.cultura.gov.it\/index.php?rest_route=\/wp\/v2\/types\/page"}],"author":[{"embeddable":true,"href":"https:\/\/archiviodistatoterni.cultura.gov.it\/index.php?rest_route=\/wp\/v2\/users\/1"}],"replies":[{"embeddable":true,"href":"https:\/\/archiviodistatoterni.cultura.gov.it\/index.php?rest_route=%2Fwp%2Fv2%2Fcomments&post=180"}],"version-history":[{"count":8,"href":"https:\/\/archiviodistatoterni.cultura.gov.it\/index.php?rest_route=\/wp\/v2\/pages\/180\/revisions"}],"predecessor-version":[{"id":859,"href":"https:\/\/archiviodistatoterni.cultura.gov.it\/index.php?rest_route=\/wp\/v2\/pages\/180\/revisions\/859"}],"up":[{"embeddable":true,"href":"https:\/\/archiviodistatoterni.cultura.gov.it\/index.php?rest_route=\/wp\/v2\/pages\/145"}],"wp:attachment":[{"href":"https:\/\/archiviodistatoterni.cultura.gov.it\/index.php?rest_route=%2Fwp%2Fv2%2Fmedia&parent=180"}],"wp:term":[{"taxonomy":"post_tag","embeddable":true,"href":"https:\/\/archiviodistatoterni.cultura.gov.it\/index.php?rest_route=%2Fwp%2Fv2%2Ftags&post=180"}],"curies":[{"name":"wp","href":"https:\/\/api.w.org\/{rel}","templated":true}]}}

<p>&nbsp;</p>
<p>La biblioteca è destinata ad uso interno ed è a supporto dell’attività scientifica dell’Istituto.</p>
<p>L’accesso è consentito agli studiosi che frequentano la Sala studio e a coloro che non possano reperire altrove le pubblicazioni desiderate.</p>
<p>Le modalità di consultazione e di riproduzione del materiale bibliografico sono definite da un regolamento interno.</p>
<p>&nbsp;</p>
<h4><strong>Orario del servizio informazioni</strong></h4>
<p>Lunedì-mercoledì &#8211; venerdì: ore 8.30-13.30</p>
<p>martedì e giovedì: ore 8.30-18.00</p>
<p><strong> </strong></p>
<h4><strong>Distribuzione materiale librario</strong></h4>
<p>le richieste del materiale bibliografico sono evase nelle seguenti fasce:</p>
<p><strong>9,30-12,30</strong></p>
<p><strong>15,00-17,30</strong></p>
<p>Si consentono 10 unità bibliografiche al giorno</p>
<p>Le richieste presentate dopo l’ultima distribuzione sono evase la mattina successiva</p>
<p><strong>Prestito esterno non consentito.</strong></p>
<p>&nbsp;</p>
<p>&nbsp;</p>

<p>&nbsp; La biblioteca è destinata ad uso interno ed è a supporto dell’attività scientifica dell’Istituto.</p>
